{"id":25,"date":"2023-04-10T14:41:16","date_gmt":"2023-04-10T12:41:16","guid":{"rendered":"http:\/\/www.eistraeumerei.de\/eiscafe\/?page_id=25"},"modified":"2025-07-13T18:43:08","modified_gmt":"2025-07-13T16:43:08","slug":"eis-und-mehr","status":"publish","type":"page","link":"https:\/\/www.eistraeumerei.de\/eiscafe\/eis-und-mehr\/","title":{"rendered":"Eis und mehr"},"content":{"rendered":"<div class=\"content\">\n<div class=\"content_middle\">\n<div class=\"content_middle_title\"><img loading=\"lazy\" decoding=\"async\" class=\"alignleft size-full wp-image-135\" src=\"http:\/\/www.eistraeumerei.de\/eiscafe\/wp-content\/uploads\/2016\/09\/3-1200.jpg\" alt=\"3-1200\" width=\"1200\" height=\"500\" srcset=\"https:\/\/www.eistraeumerei.de\/eiscafe\/wp-content\/uploads\/2016\/09\/3-1200.jpg 1200w, https:\/\/www.eistraeumerei.de\/eiscafe\/wp-content\/uploads\/2016\/09\/3-1200-300x125.jpg 300w, https:\/\/www.eistraeumerei.de\/eiscafe\/wp-content\/uploads\/2016\/09\/3-1200-768x320.jpg 768w, https:\/\/www.eistraeumerei.de\/eiscafe\/wp-content\/uploads\/2016\/09\/3-1200-1024x427.jpg 1024w\" sizes=\"auto, (max-width: 1200px) 100vw, 1200px\" \/><\/div>\n<div class=\"content_middle_title\">&nbsp;<\/div>\n<div class=\"content_middle_title\"><strong>Die Eis-Herstellung<\/strong><\/div>\n<div class=\"content_middle_body_eis\">\n<p>Das Eis stellen wir in unserer &#8222;Eiswerkstatt&#8220; mit gr\u00f6\u00dfter Sorgfalt selber her. Das erm\u00f6glicht uns mit den verschiedensten Zutaten zu experimentieren. Besonders die Ideen unserer Kunden setzen wir gerne um.<br \/>\nSo haben wir z.B. Knusperflocken-, Caipirinha-, Schwarzbier- und K\u00fcrbis-Eis und Orange-Basilikum-Sorbet kreiert.<br \/>\nDie Kiwis werden auf gutes Aroma gepr\u00fcft und eigenh\u00e4ndig geschnitten, das Bananeneis ist lecker, aber nicht gelb, weil ja die Banane ohne Schale reinkommt ;o)<\/p>\n<p>F\u00fcr Veganer und Laktose-Unvertr\u00e4gliche stellen wir in der Sommer-Saison Vanille- und Schoko-Eis aus Soja-Milch her. Auch sind alle Fruchteis Laktosefrei. Es ist nur logisch, alle Kaffee- und Milchgetr\u00e4nke auch mit laktosefreier oder Soja-Milch anzubieten.<\/p>\n<\/div>\n<div class=\"content_middle_body_eis\">\n<hr>\n<div class=\"content_small\">\n<div class=\"content_small_title\"><strong>Spezialit\u00e4ten<\/strong><\/div>\n<div class=\"content_small_body\">Die Bohnen f\u00fcr unseren Kaffee beziehen wir aus einem kleinen italienischen Familien-Unternehmen und f\u00fcr den Espresso (Cappuccino) von R\u00f6stkant aus Leipzig, wo mit Leidenschaft und gr\u00f6\u00dfter Sorgfalt in allen Phasen die Bohnen schonend ger\u00f6stet werden. Das Ergebnis sind Kaffeemischungen, die \u2013 Dank der sorgf\u00e4ltigen Auslese der Rohstoffe \u2013 feinstes Aroma und besten Geschmack besitzen.<\/div>\n<div class=\"content_small_body\">\n<hr>\n<div class=\"content_small_title\"><strong>Unsere Eiskarte<\/strong><\/div>\n<h2 class=\"content_small_body\">Werfen Sie einen Blick auf unsere Karte : <a href=\"https:\/\/www.eistraeumerei.de\/eiscafe\/wp-content\/uploads\/2025\/07\/eiskarte.pdf\"><strong>Eiskarte 2025<\/strong><\/a><\/h2>\n<\/div>\n<\/div>\n<\/div>\n<\/div>\n<\/div>\n","protected":false},"excerpt":{"rendered":"<p>&nbsp; Die Eis-Herstellung Das Eis stellen wir in unserer &#8222;Eiswerkstatt&#8220; mit gr\u00f6\u00dfter Sorgfalt selber her. Das erm\u00f6glicht uns mit den verschiedensten Zutaten zu experimentieren.<a class=\"moretag\" href=\"https:\/\/www.eistraeumerei.de\/eiscafe\/eis-und-mehr\/\">Read More&#8230;<\/a><\/p>\n","protected":false},"author":1,"featured_media":0,"parent":0,"menu_order":2,"comment_status":"closed","ping_status":"closed","template":"","meta":{"ngg_post_thumbnail":0,"footnotes":""},"class_list":["post-25","page","type-page","status-publish","hentry"],"aioseo_notices":[],"_links":{"self":[{"href":"https:\/\/www.eistraeumerei.de\/eiscafe\/wp-json\/wp\/v2\/pages\/25","targetHints":{"allow":["GET"]}}],"collection":[{"href":"https:\/\/www.eistraeumerei.de\/eiscafe\/wp-json\/wp\/v2\/pages"}],"about":[{"href":"https:\/\/www.eistraeumerei.de\/eiscafe\/wp-json\/wp\/v2\/types\/page"}],"author":[{"embeddable":true,"href":"https:\/\/www.eistraeumerei.de\/eiscafe\/wp-json\/wp\/v2\/users\/1"}],"replies":[{"embeddable":true,"href":"https:\/\/www.eistraeumerei.de\/eiscafe\/wp-json\/wp\/v2\/comments?post=25"}],"version-history":[{"count":2,"href":"https:\/\/www.eistraeumerei.de\/eiscafe\/wp-json\/wp\/v2\/pages\/25\/revisions"}],"predecessor-version":[{"id":829,"href":"https:\/\/www.eistraeumerei.de\/eiscafe\/wp-json\/wp\/v2\/pages\/25\/revisions\/829"}],"wp:attachment":[{"href":"https:\/\/www.eistraeumerei.de\/eiscafe\/wp-json\/wp\/v2\/media?parent=25"}],"curies":[{"name":"wp","href":"https:\/\/api.w.org\/{rel}","templated":true}]}}

<div class="content">
<div class="content_middle">
<div class="content_middle_title"><img loading="lazy" decoding="async" class="alignleft size-full wp-image-135" src="http://www.eistraeumerei.de/eiscafe/wp-content/uploads/2016/09/3-1200.jpg" alt="3-1200" width="1200" height="500" srcset="https://www.eistraeumerei.de/eiscafe/wp-content/uploads/2016/09/3-1200.jpg 1200w, https://www.eistraeumerei.de/eiscafe/wp-content/uploads/2016/09/3-1200-300x125.jpg 300w, https://www.eistraeumerei.de/eiscafe/wp-content/uploads/2016/09/3-1200-768x320.jpg 768w, https://www.eistraeumerei.de/eiscafe/wp-content/uploads/2016/09/3-1200-1024x427.jpg 1024w" sizes="auto, (max-width: 1200px) 100vw, 1200px" /></div>
<div class="content_middle_title">&nbsp;</div>
<div class="content_middle_title"><strong>Die Eis-Herstellung</strong></div>
<div class="content_middle_body_eis">
<p>Das Eis stellen wir in unserer &#8222;Eiswerkstatt&#8220; mit größter Sorgfalt selber her. Das ermöglicht uns mit den verschiedensten Zutaten zu experimentieren. Besonders die Ideen unserer Kunden setzen wir gerne um.<br />
So haben wir z.B. Knusperflocken-, Caipirinha-, Schwarzbier- und Kürbis-Eis und Orange-Basilikum-Sorbet kreiert.<br />
Die Kiwis werden auf gutes Aroma geprüft und eigenhändig geschnitten, das Bananeneis ist lecker, aber nicht gelb, weil ja die Banane ohne Schale reinkommt ;o)</p>
<p>Für Veganer und Laktose-Unverträgliche stellen wir in der Sommer-Saison Vanille- und Schoko-Eis aus Soja-Milch her. Auch sind alle Fruchteis Laktosefrei. Es ist nur logisch, alle Kaffee- und Milchgetränke auch mit laktosefreier oder Soja-Milch anzubieten.</p>
</div>
<div class="content_middle_body_eis">
<hr>
<div class="content_small">
<div class="content_small_title"><strong>Spezialitäten</strong></div>
<div class="content_small_body">Die Bohnen für unseren Kaffee beziehen wir aus einem kleinen italienischen Familien-Unternehmen und für den Espresso (Cappuccino) von Röstkant aus Leipzig, wo mit Leidenschaft und größter Sorgfalt in allen Phasen die Bohnen schonend geröstet werden. Das Ergebnis sind Kaffeemischungen, die – Dank der sorgfältigen Auslese der Rohstoffe – feinstes Aroma und besten Geschmack besitzen.</div>
<div class="content_small_body">
<hr>
<div class="content_small_title"><strong>Unsere Eiskarte</strong></div>
<h2 class="content_small_body">Werfen Sie einen Blick auf unsere Karte : <a href="https://www.eistraeumerei.de/eiscafe/wp-content/uploads/2025/07/eiskarte.pdf"><strong>Eiskarte 2025</strong></a></h2>
</div>
</div>
</div>
</div>
</div>

<p>&nbsp; Die Eis-Herstellung Das Eis stellen wir in unserer &#8222;Eiswerkstatt&#8220; mit größter Sorgfalt selber her. Das ermöglicht uns mit den verschiedensten Zutaten zu experimentieren.<a class="moretag" href="https://www.eistraeumerei.de/eiscafe/eis-und-mehr/">Read More&#8230;</a></p>
